= -57*w + 2416. Give p(1).
2359
Let j(i) = i**2 - 2501*i + 352614. Determine j(150).
-36
Let c(u) = -u**2 - 187*u - 5472. What is c(-38)?
190
Let t(k) = 35*k**2 - 2002*k + 137. What is t(57)?
-262
Let b(j) = 18341*j + 366778. Give b(-20).
-42
Let y(o) = 188*o**2 - 3294*o + 16439. Give y(5).
4669
Let b(c) = c**3 - 36*c**2 - 141*c + 4013. Determine b(37).
165
Let c(b) = -40373*b + 27534392. Calculate c(682).
6
Let o(n) = -6*n**3 + 243*n**2 - 129*n + 345. Determine o(40).
-15
Let j(y) = -y**3 + 107*y**2 + 145*y - 289. Give j(108).
3707
Let d(j) = 108891*j - 326631. Determine d(3).
42
Let j(t) = 2706*t - 487147. Determine j(180).
-67
Let k(m) = 1848*m - 40697. What is k(23)?
1807
Let a(r) = -1356*r - 9002. Determine a(-7).
490
Let i(y) = -54*y**2 - 12*y + 4. Calculate i(-1).
-38
Let i(m) = -9266*m - 212837. Determine i(-23).
281
Let o(n) = -100030*n + 38811643. Determine o(388).
3
Let b(p) = -2*p**3 - 18*p**2 + 101*p - 11. Give b(-13).
28
Let f(s) = 2*s**3 + 200*s**2 + 1649*s + 34. Calculate f(-9).
-65
Let m(l) = -3*l**2 - 44504*l - 4332582. Give m(-98).
-2
Let s(u) = -5*u**2 - 1088*u + 1532. Give s(-219).
-1
Let i(m) = -m**3 - 74*m**2 - 148*m - 219. What is i(-72)?
69
Let w(b) = b**3 + 460*b**2 + 46180*b + 1247. Give w(-312).
-1
Let q(p) = -4744*p + 341565. Give q(72).
-3
Let t(r) = 1605*r + 20855. Calculate t(-13).
-10
Let t(c) = -85*c**2 + 3673*c - 687. Give t(43).
87
Let y(u) = 79*u**2 - 107*u - 6848. Calculate y(10).
-18
Let d(j) = 905*j + 111345. Determine d(-123).
30
Let r(c) = 12*c**3 + 53*c**2 + 116*c + 622. Calculate r(-5).
-133
Let u(m) = -m**3 + 8*m**2 + 1228*m + 135. Give u(-31).
-454
Let f(a) = 137*a - 13953. Calculate f(101).
-116
Let l(q) = -6979*q - 272268. Calculate l(-39).
-87
Let b(w) = -2*w**2 + 284*w - 7986. What is b(102)?
174
Let l(p) = 2982*p + 125242. Give l(-42).
-2
Let f(r) = -2*r**3 + 69*r**2 - 60*r + 1963. Determine f(35).
-1362
Let f(l) = 8*l**2 + 2496*l + 35. Give f(-312).
35
Let o(v) = -v**2 + 40*v - 349. Calculate o(31).
-70
Let c(h) = 265*h - 15500. Give c(51).
-1985
Let y(k) = -k**3 + 154*k**2 - 595*k - 768. Give y(150).
-18
Let i(y) = 3*y**3 - 41*y**2 + 85*y - 44. Calculate i(13).
723
Let a(f) = 2879*f - 19867. Give a(8).
3165
Let h(q) = 13*q + 177. Determine h(0).
177
Let a(k) = -40*k**3 - 588*k**2 + 588*k. Calculate a(1).
-40
Let p(a) = 2*a**3 - 47*a**2 + 33*a + 4. Determine p(4).
-488
Let l(k) = -29*k - 3761. Calculate l(-9).
-3500
Let b(a) = 21931*a + 3070344. Determine b(-140).
4
Let w(s) = 24*s**2 + 2729*s + 2245. What is w(-113)?
324
Let w(x) = -x**3 - 292*x**2 - 668*x - 109639. Determine w(-291).
68
Let x(p) = -12*p**2 + 570*p - 7438. Give x(21).
-760
Let q(u) = -9*u**3 - 48*u**2 + 27*u - 66. Determine q(-6).
-12
Let l(y) = -65198*y + 586777. What is l(9)?
-5
Let p(m) = 144*m + 31529. Give p(-232).
-1879
Let p(w) = 49*w**2 + 1221*w - 59. Determine p(-25).
41
Let y(t) = -370*t + 4865. Calculate y(9).
1535
Let h(i) = -4*i**2 - 243*i + 2344. What is h(9)?
-167
Let j(y) = 89*y**2 - 553*y - 39. Give j(6).
-153
Let c(u) = -1464*u - 33759. What is c(-23)?
-87
Let g(w) = -52061*w + 103947. Calculate g(2).
-175
Let p(u) = 3*u**3 + 386*u**2 + 1748*u + 1503. Give p(-124).
15
Let s(y) = -5*y**2 - 38*y - 12. Give s(-7).
9
Let q(b) = -b**3 - 72*b**2 + 497*b + 399. Calculate q(7).
7
Let a(t) = -t**2 + 128*t - 2481. Calculate a(103).
94
Let x(r) = 277576*r - 12768494. Determine x(46).
2
Let m(x) = 6428*x + 2365500. What is m(-368)?
-4
Let d(y) = 2116*y**2 + 124972*y + 7547. Calculate d(-59).
-5
Let w(q) = -315175*q + 945511. What is w(3)?
-14
Let t(g) = 5*g**3 + 20*g**2 - 6421*g - 25671. What is t(-4)?
13
Let r(o) = -13*o**2 - 4496*o + 85257. Calculate r(18).
117
Let c(n) = -1433*n - 1845. What is c(-1)?
-412
Let o(c) = -4*c**3 + 172*c**2 + 341*c - 7267. Calculate o(44).
-7
Let f(w) = 3*w**2 + 4130*w - 12410. What is f(3)?
7
Let x(d) = -106*d**2 - 75165*d - 7803. Determine x(-709).
-4
Let q(u) = -38856*u - 77924. Determine q(-2).
-212
Let g(b) = b**2 + 1947*b + 29257. Determine g(-15).
277
Let v(g) = 4*g**3 + 2*g**2 - 66*g + 397. What is v(6)?
937
Let k(g) = -15*g**2 - 119*g - 667. Give k(-6).
-493
Let c(b) = 3*b**3 + 69*b**2 + 202*b + 449. Give c(-20).
9
Let p(o) = o**3 - 215*o**2 + 431*o - 1074. Give p(213).
-9
Let c(f) = -1579*f + 9753. Determine c(6).
279
Let u(t) = 10*t**2 - 1291*t + 3013. What is u(127)?
346
Let n(j) = 6473*j + 530751. Calculate n(-82).
-35
Let d(s) = -39*s**2 - 30151*s + 26997. What is d(-774)?
-93
Let p(b) = 12*b**2 - 44*b - 1602. Give p(-16).
2174
Let d(o) = 6*o**3 - 5*o**2 - 61*o + 16. Calculate d(-6).
-1094
Let m(u) = u**3 - 990*u**2 - 48757*u - 885. Determine m(-47).
-39
Let f(p) = -26*p**2 - 5606*p + 2005. Determine f(-216).
-155
Let h(m) = m**3 + 74*m**2 + 39*m + 8124. What is h(-75)?
-426
Let v(g) = 6*g**2 + 105*g + 7. Determine v(-26).
1333
Let d(b) = -551664*b + 9929963. Give d(18).
11
Let l(u) = -2*u**3 + 8*u**2 + 741*u + 460. Calculate l(-17).
1
Let q(c) = 11*c**3 + 3*c**2 + 20*c - 52. What is q(5)?
1498
Let k(c) = -25*c**2 + 2950*c - 54619. Determine k(95).
6
Let w(v) = 4*v**2 + 760*v - 53281. Give w(-244).
-577
Let x(v) = 19*v**3 - 1533*v**2 + 1035*v + 345. Give x(80).
-55
Let m(h) = 4863*h + 63217. What is m(-13)?
-2
Let y(p) = 2*p**3 + 87*p**2 - 52*p - 100. Determine y(-44).
252
Let i(o) = -o**3 - 1211*o**2 + 4*o - 110. What is i(0)?
-110
Let w(l) = -774*l - 5468. Calculate w(-7).
-50
Let f(v) = 304*v**2 + 288*v + 18. Determine f(-1).
34
Let j(k) = 2*k**2 - 1731*k - 97256. Give j(-53).
105
Let t(j) = j**3 + 19*j**2 - 118*j + 74. Give t(-24).
26
Let w(h) = 7*h - 899. Calculate w(-5).
-934
Let y(t) = t**3 - 8*t**2 + 4463*t - 22278. Calculate y(5).
-38
Let n(g) = 3*g**2 + 3096*g + 525165. Give n(-214).
9
Let i(w) = -7471*w - 73068. What is i(-10)?
1642
Let f(h) = 2*h**3 - 242*h**2 + 219*h - 26497. Give f(121).
2
Let t(q) = -2*q**3 + 836*q**2 + 40639*q + 7872. Give t(462).
18
Let w(q) = -221*q + 636. Give w(4).
-248
Let i(n) = -4*n**2 - 891*n - 35504. Calculate i(-52).
12
Let h(x) = x**3 - 2*x**2 - 556*x - 88. Determine h(-22).
528
Let b(d) = -d**2 + 168*d + 12608. What is b(-59)?
-785
Let g(w) = 17*w**2 - 617*w - 47993. What is g(-38)?
1
Let j(p) = p**3 - 7*p**2 + 77*p - 1038. Give j(13).
977
Let a(g) = -1059*g - 862024. Determine a(-814).
2
Let t(x) = 2*x**2 - 472*x + 12774. Determine t(204).
-282
Let p(n) = -n**2 + 9*n + 1625. Give p(-39).
-247
Let d(x) = -71*x**2 + 701*x - 1538. Determine d(6).
112
Let d(g) = -339*g**2 + 28*g - 11. What is d(2)?
-1311
Let b(c) = 28021*c - 7565641. Give b(270).
29
Let c(d) = 1461*d + 414918. What is c(-284)?
-6
Let w(o) = -613*o - 42478. Calculate w(-70).
432
Let x(r) = r**2 - 354*r + 28350. Calculate x(122).
46
Let c(r) = r**3 + 48*r**2 - 62*r + 604. What is c(-49)?
1241
Let w(n) = -n**3 + 124*n**2 - 14*n - 13517. Determine w(123).
-110
Let o(d) = -2*d**2 + 70*d - 6. Give o(36).
-78
Let f(p) = 308066*p + 12938784. Determine f(-42).
12
Let g(p) = p**2 - 4508*p + 36173. Give g(8).
173
Let u(l) = -19*l**3 + 119*l**2 - 2726*l + 16183. Give u(6).
7
Let q(g) = -213*g - 3872. Determine q(-23).
1027
Let k(h) = 31208*h + 124819. What is k(-4)?
-13
Let w(x) = 225*x**2 - 4741*x + 47. Determine w(21).
-289
Let w(o) = o**3 - 168*o**2 + 1723*o + 1007. Determine w(157).
379
Let a(z) = 5514*z - 832609. Calculate a(151).
5
Let r(u) = 2*u**2 - 18747*u + 93715. What is r(5)?
30
Let o(i) = 13187*i + 65758. Give o(-5).
-177
Let c(z) = -z**2 - 1789*z - 554617. Give c(-399).
-7
Let y(d) = -3*d**3 + 9*d**2 + 817*d + 4861. Give y(-6).
931
Let c(x) = 1700*x + 4941. What is c(-3)?
-159
Let b(v) = -32284*v - 355120. Give b(-11).
4
Let j(k) = 3*k**2 - 1184*k + 8339. Determine j(7).
198
Let b(k) = -k**3 - 42*k**2 - 10*k + 2520. Calculate b(-40).
-280
Let u(s) = -956*s - 12435. Give u(-13).
-7
Let l(f) = -25*f**2 + 1215*f - 709. What is l(48)?
11
Let m(z) = -z**3 + 25*z**2 + 1834*z - 38500. Give m(20).
180
Let p(o) = 7*o**3 + o**2 + 29*o + 47. Determine p(6).
1769
Let n(a) = a**3 + 46*a**2 + 205*a - 41. Give n(-41).
-41
Let n(j) = -j**3 - 72*j**2 + 610*j + 28868. Calculate n(-75).
-7
Let p(d) = 36152*d - 831489. Calculate p(23).
7
Let x(w) = -w**3 + 667*w**2 + 286*w - 190762. What is x(667)?
0
Let o(l) = -484*l + 165397. Give o(342).
-131
Let t(k) = -k**2 - 100*k - 341. D